pose y*t - 13 = 18*t. What is the hundreds digit of ((-3)/(-15))/(t/(-7085))?
1
Suppose 4*r = 4*n - 0*n - 4248, -2*n + r = -2124. Suppose -n = 5*t - 3*j - 2966, j = -3*t + 1148. What is the tens digit of t?
8
Let n = 47163 - 20557. What is the ten thousands digit of n?
2
Let q be ((-33)/(-5) + 5)/((-14)/(-35)). Suppose -28*i = -q*i + 1322. What is the units digit of i?
2
Let c = -191 + 232. Suppose c*z = 49*z - 552. What is the units digit of z?
9
What is the ten thousands digit of 6 - 17/(-51)*59181?
1
Suppose 192*f = 285*f + 76*f - 1538914. What is the units digit of f?
6
Let m(p) = 9*p**2 + 11*p + 10. Let y(k) = 9*k**2 + 10*k + 10. Let g(w) = 3*m(w) - 4*y(w). Let u be g(-3). Let o = 126 + u. What is the units digit of o?
6
Let p(g) = 190*g**2 - g - 1. Suppose -90*m = -89*m + 1. Let v be p(m). Suppose -l - v = -4*s - 3*l, -l = -2*s + 85. What is the units digit of s?
5
Suppose 471*i - 408 = 469*i. Suppose 5*h + 0*h - 2*r - 549 = 0, -440 = -4*h + 2*r. Suppose i = -108*m + h*m. What is the hundreds digit of m?
2
Let q(h) = -h**3 + 14*h**2 + 3*h + 20. Suppose 4*y - 16 = -z, 0*y = -3*z - 2*y + 38. What is the units digit of q(z)?
4
Suppose 801 = 6*t + 3*t. Let f be (6/5)/(15/50). Suppose n + f*n - t = -2*k, 2*n - 212 = -5*k. What is the tens digit of k?
4
Let j = 87 + -96. Let k(i) = i**3 + 12*i**2 + 16*i + 31. Let a be k(j). What is the tens digit of (-27)/6 + 3 + a/4?
3
Let m be 98969/253 - 4/22. Suppose -m*k + 556 = -387*k. What is the tens digit of k?
3
Let g(n) = -2380*n + 1089. What is the thousands digit of g(-10)?
4
Let l(g) be the second derivative of g**4/6 - 41*g**3/6 + 27*g**2 - 4*g + 1. What is the tens digit of l(33)?
7
Suppose -2*k + 0*k - 572 = -b, -5*k - 3*b = 1430. Let t = -90 - k. What is the tens digit of t?
9
Let t = 32 - -253. Let i = 374 + t. What is the hundreds digit of i?
6
What is the hundreds digit of (-45438)/24*5/(30/(-24))?
5
Let y = -29913 + 44879. What is the thousands digit of y?
4
Let z = 130 + -126. Suppose a = z*v - 1821, 5*a + 10 = 5. What is the tens digit of v?
5
Suppose q - 192 = -8. Let j = q + -349. Let s = -90 - j. What is the tens digit of s?
7
Let m = 18682 - 10350. What is the hundreds digit of m?
3
What is the hundreds digit of 1087033/656 - (-4)/(-64)?
6
Let j(k) = 341*k**2 + 596*k + 7110. What is the ten thousands digit of j(-12)?
4
What is the units digit of 82 - (0/8)/(-1)?
2
Let x(d) = 20*d**2 - 12*d + 1475. What is the ten thousands digit of x(47)?
4
Suppose 10 = 2*i, -4*y + 4*i - 1 = 3*i. Let r(h) = 36*h**2 + 2*h - 12. Let a(j) = -j**2 + 1. Let c(z) = y*r(z) + 12*a(z). What is the units digit of c(-1)?
2
Suppose f = 33 + 915. Suppose 0*n = -2*n - f. Let j = -250 - n. What is the hundreds digit of j?
2
Suppose -4*v + 386 - 374 = 0. Suppose -v*r - 4*q - 31 = -3577, -q = 3*r - 3537. What is the hundreds digit of r?
1
Suppose 2*n = -3*t + 375, -500 = 3*t - 7*t + 2*n. Let q = -124 + t. What is the hundreds digit of 1 + 138 - ((7 - 4) + q)?
1
Let v = -26 + 34. Suppose -v*i + 3*i = 0. What is the units digit of (3 + 44)/(i - -1) - 3?
4
Let r = 60 + -43. Let n(l) = l**3 - 17*l**2 - l - 2. Let p be n(r). Let y(b) = -4*b + 3. What is the tens digit of y(p)?
7
Let d(h) = h + 33. Let k be d(-9). Let y = 3 - -2. Suppose 3*x - k = y*s + 39, -15 = 5*s. What is the units digit of x?
6
Suppose 3*p - 5*p + 24 = 0. Suppose -10*m = -p*m - 10. Let a(k) = k**3 + 6*k**2 + 5*k + 9. What is the units digit of a(m)?
9
Suppose 4*t - 21 = -5*n, t = -5*n + 9*n. Suppose 3*w = 0, w = -t*x + 6*w + 1392. What is the units digit of x?
8
Let t be (-2)/(-6)*5*3*1. What is the tens digit of ((-522)/t)/((-10)/25)?
6
What is the tens digit of 6 - 15 - 12826/(-4)*2?
0
Let f be -6*(2/(-2))/((-2)/2). Let d be -3*(1 - 1/(f/(-10))). What is the units digit of d/4*1 - (-732)/24?
1
Suppose 0 = -w + 4*n + 16400 - 4051, n - 3 = 0. What is the thousands digit of w?
2
Let v be 3/7 - (-18)/(-14)*-37. Suppose i + 7 = b, 0 = 5*b + 3*i - 3 - v. Let w(r) = -r**3 + 13*r**2 - 13*r + 4. What is the units digit of w(b)?
1
Let y(q) = 6*q**2 + q + 3. Let h be y(4). Suppose -980 = 18*a - 4*a. Let w = h + a. What is the units digit of w?
3
Suppose 9*a - 6*a = -24. Let s be ((-2 - a)*-1)/(-1). Suppose -s*k = -8*k + 46. What is the tens digit of k?
2
Suppose -344030 = 27*h - 110*h + 744100. What is the ten thousands digit of h?
1
Let n(z) = z**3 - 9*z**2 + 13*z - 6. Let y = -253 + 262. What is the units digit of n(y)?
1
Let u = 4492 + -3180. What is the units digit of u?
2
Let f = -23 - 226. Let y = f - -291. What is the tens digit of y?
4
Suppose 0 = -28*r + 73408 + 181644. What is the thousands digit of r?
9
Let j(y) = 432*y**3 - 6*y**2 + y + 2. Let s(v) = 433*v**3 - 5*v**2 + v + 2. Let r(u) = 3*j(u) - 4*s(u). What is the units digit of r(-1)?
7
Suppose 691 = -5*r - 799. Let q = -5820 - -6326. Let p = q + r. What is the tens digit of p?
0
Let c = -7115 + 24902. What is the tens digit of c?
8
Let d be (3 - (-21)/(-6))*0. Suppose d = f, 0 = 5*h + 3*f - 0*f - 30. Let y = h - -51. What is the units digit of y?
7
Let l be 15/(-6)*18/(-15). Let j(o) = 7*o**2 - 6*o + 9. Let r(f) = f**2 - 1. Let i(m) = j(m) + 4*r(m). What is the tens digit of i(l)?
8
Let u = 6999 - -11960. What is the units digit of u?
9
Let k be (-701)/(-3) - (-1 - -3)/(-6). Suppose 110 + 58 = -2*o. Let x = o + k. What is the tens digit of x?
5
Let y be (2154/(-4))/((-3)/2). Let c = y - 185. Let w = 404 - c. What is the tens digit of w?
3
Let c = 49 + -48. Suppose 2*g + 2*t = 5*t - c, 3*g - 2*t - 1 = 0. What is the tens digit of 3 + 0/g + 104?
0
Let u(k) = -k**2 - 10*k + 15. Let z be u(-11). Suppose 28 = -a - z*a + 4*w, -4*a - 10 = 3*w. What is the units digit of 28*(4 + 2/a)?
8
Suppose 637*z - 1605035 = 477*z + 58965. What is the tens digit of z?
0
Let o(w) = -8*w**3 + 49*w**2 + 47*w - 14. Let g(j) = 5*j**3 - 24*j**2 - 24*j + 7. Let u(p) = 5*g(p) + 3*o(p). What is the tens digit of u(-25)?
1
Suppose p - w - 8 = -0*p, 2*p + 5*w - 30 = 0. Suppose 115 = 10*i - 135. What is the units digit of ((-872)/(-10))/(p/i)?
8
Suppose -5*d - 5*j = 0, -j + 8 + 7 = 4*d. Suppose 4 - 4 = -d*u. Suppose u = 5*b + 25, 569 = 4*w - 5*b + 68. What is the hundreds digit of w?
1
Suppose -4*b - 4540 = 4*d, 6*d + 4546 = 2*d - b. What is the units digit of (-3)/((-45)/d)*(-9 - -4)?
9
Let q = 563 + -516. What is the tens digit of q?
4
Suppose f + 90 = 3*m - 684, 3*f + 2350 = 2*m. Let u = f - -1232. What is the hundreds digit of u?
4
Let r(a) = -114*a + 12. Let o be r(-6). Let d = -1096 + o. Let s = 571 + d. What is the hundreds digit of s?
1
Suppose -4*t + 4*m = -52948, -3*m + 7112 = t - 6101. What is the thousands digit of t?
3
Suppose -168 = -g - 3*g. What is the units digit of (g/12 + -4)*(3 - 2399)?
8
Suppose 0 = 5*p - t - 11025 - 668, 0 = 2*p + 5*t - 4661. Suppose -k + 8*k = p. What is the tens digit of k?
3
Let n(x) = -x**3 - 13*x**2 - 15*x - 4. Let i = 192 - 205. What is the tens digit of n(i)?
9
Suppose -250*s = -254*s + 1600. Let c(v) = v**3 + 6*v**2 - 6*v + 3. Let n be c(-7). What is the tens digit of n/10*(5 - s)?
5
Let t(a) be the second derivative of -19*a**3/2 + 249*a**2/2 + 2*a - 12. What is the hundreds digit of t(-15)?
1
Suppose -2 = -191*r + 189*r. What is the units digit of ((-82)/(-205))/(r/2010)?
4
Let o(q) = 133*q**2 + 26*q + 55. What is the units digit of o(-4)?
9
What is the tens digit of 2*18/180*87835?
6
Suppose 4*k + z = -213, 2*k - 3*z = -z - 94. Suppose -f + 2*f - g + 103 = 0, 5*f + 5*g = -485. Let u = k - f. What is the units digit of u?
8
Let q be (-32)/(-12)*(-9)/6. Let n be q*3*(-4)/12. Suppose -n*j + 3 + 32 = -5*h, 4*j = -3*h + 43. What is the units digit of j?
0
Let n(i) = -i**2 - 14*i - 36. Let o be n(-10). Let r be ((o - 5)*-115)/1. Suppose j = 4*d + r, 49 + 311 = 4*j + 4*d. What is the tens digit of j?
9
Suppose 0 = -110*l + 22*l + 609840. What is the units digit of l?
0
Suppose -2*d = -8, 4*i + 392 = -2*d + 5*d. Let b = -82 - i. Let p = b - -52. What is the tens digit of p?
6
Let c be (0 - (-20)/15)*(-18)/2. Let o be (-260)/c*3/1 - 1. Let g = o + -27. What is the tens digit of g?
3
Suppose 0 = -2*r - 4, 0 = 168*k - 164*k + r - 246006. What is the tens digit of k?
0
Let t = 543 + -269. Let b = 1244 - t. What is the units digit of b?
0
What is the thousands digit of 5 - ((-2647679)